te the remainder when 2493 is divided by a.
28
Suppose -82*m + 14*m = -476. What is the remainder when m is divided by (-32)/(-6) - 2/6?
2
Suppose -4*c = -7 - 5, -3*o = -c - 57. Calculate the remainder when 68 is divided by o.
8
Suppose -4*n + 12 = -0*n. Suppose -33 = -n*w - 3. What is the remainder when 27 is divided by w?
7
Let z = 0 - -3. Suppose l + 167 - 31 = 4*v, 115 = z*v - 4*l. What is the remainder when (0 - -12) + (-7 - -58) is divided by v?
30
Suppose 5*d + 4*l = 2*l + 419, 2*d - 4*l = 158. Let i = d + -69. Calculate the remainder when 152 is divided by i.
12
Calculate the remainder when (-28)/(-6)*12168/1183 is divided by 29.
19
Let q = -14 + 25. Suppose 2*w - q = 13. Let h = -4 - -38. What is the remainder when h is divided by w?
10
Suppose s - 2 = 0, -3*b - b = -2*s - 212. Let n = 2 + 0. Suppose 22 = n*y - 0*y. What is the remainder when b is divided by y?
10
Let i = -561 + 578. Let t be ((-1)/1)/1*-4. Suppose -4*c - 5*x = -107 - 83, -158 = -3*c + t*x. Calculate the remainder when c is divided by i.
16
Suppose 0 = -4*f + 3*l + 1105 + 489, -3*l = 3*f - 1206. Calculate the remainder when f is divided by 135.
130
Let q(t) = -2 + 2 - 3 - t + 17. What is the remainder when 6 is divided by q(9)?
1
Let o = 164 + -132. Suppose 3*p + 5*p - o = 0. What is the remainder when 31 is divided by p?
3
Let n = -45 + 70. Calculate the remainder when 122 is divided by n.
22
Let k(h) = 2*h**2 + 45*h - 66. Calculate the remainder when k(-27) is divided by 60.
57
Let h(k) = k**2 - k - 8. Let x(z) = -z**2 + z + 7. Let q(w) = 3*h(w) + 2*x(w). What is the remainder when 135 is divided by q(-7)?
43
Let k(o) = -12*o - 16. Let t(z) = -z**2 + 44. Let d be t(0). Suppose -2*m = 2*m - d. Calculate the remainder when k(-3) is divided by m.
9
Let q(v) = v + 30. Let h be 1 + -2 - (-3 + -7). Let f = h + -6. Calculate the remainder when q(-22) is divided by f.
2
Suppose -3*m + 244 = -23. Suppose -2*y + 5*i = -14 - 27, 5*y - 60 = 4*i. Suppose 2*f - 230 = -y*f. What is the remainder when m is divided by f?
20
Suppose 0 = p - 3*x - 1, 0 = 4*p + x - 3*x - 4. Let l(t) = t**3 + 45*t**2 - 48*t - 86. What is the remainder when l(-46) is divided by p?
0
Suppose 4*m - 450 = -5*b, -m - 2*b - 37 = -151. Let w = 195 - m. What is the remainder when w is divided by 22?
19
Suppose 3*a + o = 252, 325 = -0*a + 4*a + 5*o. What is the remainder when a is divided by 13?
7
Suppose -4*o + 395 = -77. What is the remainder when o is divided by 24?
22
Suppose 2*j - 266 - 38 = 0. Suppose 14*x - 18*x = -j. Calculate the remainder when x is divided by 21.
17
Suppose -2*u + 4*i = 8, -4*i + 64 = -5*u - 5*i. Let v = -5 - u. Suppose -4*s - 351 = -v*s. Calculate the remainder when s is divided by 30.
27
Let y(r) = 91*r + 3. Let q be y(3). Suppose -k + 5*k = q. Let i = k - 48. What is the remainder when 62 is divided by i?
20
Suppose -4*i - w = -300, w - 154 + 454 = 4*i. Let f = i - 40. Calculate the remainder when f is divided by 12.
11
Suppose 2*d + 2*f - 15 = -1, -5*d + 3*f = 5. Suppose -19 = -4*t - 3. What is the remainder when t is divided by d?
0
Let s(g) = -2*g - 27. Suppose d - 6*d = n + 73, 5*d = -2*n - 71. Calculate the remainder when 11 is divided by s(d).
2
Suppose 4*u - 2428 = -36. What is the remainder when u is divided by 15?
13
Let i = 1 - -10. Let q = -27 + i. What is the remainder when 14 is divided by (-4)/(q/20) - -1?
2
Let p(i) = i**3 - 2*i**2 + 6*i - 2. Calculate the remainder when 117 is divided by p(2).
7
Calculate the remainder when (228/10)/((-219)/(-730)) is divided by 6.
4
Calculate the remainder when 25 is divided by -3 - (-11 + 7 + -2 + -6).
7
Let d = 1146 - 1012. What is the remainder when d is divided by 17?
15
Let p = -6 - -9. Suppose 0 = -2*w - p*u + 38, 2*w + 0*w + u = 46. Suppose -w = a - 6*a. What is the remainder when a is divided by 4?
1
Suppose 0 = -f - 5*c - 21, -3*f = 4*c + 6 + 2. Let q = -37 - -43. What is the remainder when q is divided by f?
2
Let b = 22 + -9. Suppose -b*q + 11*q = -8. What is the remainder when q is divided by (3/(-5))/((-2)/10)?
1
Suppose -m = -42 - 11. Let y = 1294 + -1276. What is the remainder when m is divided by y?
17
Let z(n) = n**3 - 3*n**2 - 2*n - 1. Let t be z(4). Let c = t - 36. Let j = -14 - c. What is the remainder when j is divided by 8?
7
Let f(j) = -j**3 + 9*j**2 - 13*j - 7. Let w be f(7). Suppose m = 2*l + 26 + 7, w = 2*m + 5*l - 102. Calculate the remainder when m is divided by 15.
11
Let u = 63 + -35. Calculate the remainder when u is divided by (30/4)/((-63)/(-126)).
13
Let d = -265 + 279. What is the remainder when 46 is divided by d?
4
Let t be 2/(-4 - 19/(-5)). Suppose -v + 3 = -17. Let p = t + v. What is the remainder when 29 is divided by p?
9
Let r = -32 + 63. Let b be ((-2)/5)/(12/(-10))*0. Calculate the remainder when r is divided by -17*1/(-1) - b.
14
Let z = -2 - -12. Let a = 6 - 6. Let r(n) = n + 17. What is the remainder when r(a) is divided by z?
7
Let u(b) = -13*b + 3. Let w be 14 + (10/(-6) - 6/(-9)). Let q = 42 - w. Calculate the remainder when u(-4) is divided by q.
26
Let i = -2089 - -3687. What is the remainder when i is divided by 10?
8
Suppose -3*g - 14 = 5*j - 88, -j + 19 = 2*g. Calculate the remainder when 74 is divided by j.
9
Let h(c) = 4*c**2 - 4*c. Let p be h(6). Let k = -72 + p. Suppose -4*y = -k - 8. What is the remainder when 26 is divided by y?
12
Let g(t) = -9*t + 211. Let n = 239 - 139. Calculate the remainder when n is divided by g(21).
12
Let g be (2 + -1)*0 + 3. Suppose 0 = -g*u + 7*u - 12. Calculate the remainder when u is divided by (24/16)/(3/6).
0
Suppose -3*s + 3*d = -2*d - 97, -4*d = -2*s + 68. Suppose v - 5*v + y + 352 = 0, -v + y = -88. What is the remainder when v is divided by s?
16
Suppose -13*y = -17*y + 136. Let m(r) = 169*r**2 + 6*r + 6. What is the remainder when m(-1) is divided by y?
33
Suppose 9*j = 7*j + 136. Calculate the remainder when 542 is divided by j.
66
Let b(w) = w**2 + 3*w - 4. Let k be b(-3). What is the remainder when 237 is divided by 12*((k - -8) + -2)?
21
Let h(n) = n**3 + n + 5. Suppose -o - 4*w + 21 = 0, 2*o - 4*w - 124 = -2*o. Suppose 6*f - 13 - o = 0. Calculate the remainder when f is divided by h(0).
2
Let c = -110 + 462. What is the remainder when c is divided by 20?
12
Let z(b) be the first derivative of 9*b**3 + 3*b**2/2 - 2*b - 7. What is the remainder when z(1) is divided by 10?
8
Let y(t) = -15*t**2 - 4*t**3 + 3*t**2 - 5 + 3*t**3. Let o be y(-12). Let u(i) = -5*i - 11. Calculate the remainder when 25 is divided by u(o).
11
Let a(p) = 10*p - 36. Let v be a(6). Suppose -3*g - v = -6*g. What is the remainder when 20 is divided by g?
4
Suppose -2*f - 139 = -3*f. Suppose 4*k - 5*n - 89 = -0, 0 = 5*k + 3*n - f. What is the remainder when k is divided by 15?
11
Let s = 99 + -82. Let j be 3 + (-3 - 3)/(-2). What is the remainder when 2/j - (-894)/18 is divided by s?
16
Suppose 0 = 3*r - 0 + 15, -2*c + 4*r + 28 = 0. Suppose -c*z = 4*q - 112, -5*z + 49 + 101 = 3*q. Calculate the remainder when z is divided by 19.
14
Calculate the remainder when 10 is divided by -4 + 0 - (-9 + -1).
4
Suppose 5*l + 35 = 3*s - 126, -2*s = 4*l - 100. Calculate the remainder when 258 is divided by s.
50
Suppose 4360 = 69*m - 18962. Calculate the remainder when m is divided by 90.
68
Suppose -14*q + 150 = -13*q. Calculate the remainder when q is divided by 27.
15
Suppose -4*n + 760 + 96 = 0. What is the remainder when n is divided by 3?
1
Let l = 14 + -12. What is the remainder when ((-4)/10)/((-10)/100)*1 is divided by l?
0
Let s(v) = -2*v**2 - 7*v - 41. Let l(p) = -3*p**2 - 8*p - 41. Let k(d) = 3*l(d) - 4*s(d). What is the remainder when 24 is divided by k(8)?
6
Let x(i) = -i**3 + 7*i**2 + 7*i + 118. Calculate the remainder when 301 is divided by x(9).
16
Suppose -4*h - 3*w - 8 = -22, 14 = 2*h + 5*w. Let n = 33 - h. Calculate the remainder when n is divided by 11.
9
Suppose 4*r = -c - 2*c + 36, c - 11 = -r. Let m = 5 + 34. Calculate the remainder when m is divided by c.
7
Suppose 48 = 4*b + 13*l - 8*l, -3*l = -3*b + 9. Calculate the remainder when 48 is divided by b.
6
Suppose y + 30 = 4*y. Let g = 45 + y. Suppose 4*l = 2*l + 58. Calculate the remainder when g is divided by l.
26
Suppose -h + 16 = s + 3, -3*h + 43 = -s. Suppose 0 = 2*f + 5*r - 39 + 10, 3*f - 3*r + 